32 = 0. Give b(z).
-38
Let d be ((-14)/(-49))/(16/(-56)). Let v(l) = l**2 + l**2 - l**3 + l - 2*l**3. What is v(d)?
4
Let a = 179 - 199. Let k(q) = -2*q - 45. What is k(a)?
-5
Let y(t) = -t**2 - t. Let n be (4 - 1 - 2)*(-5 + 2). Calculate y(n).
-6
Suppose -23 = 5*l - 13. Let j(b) = 8*b**2 - 3*b - 1. Give j(l).
37
Let j(t) = -17*t - 12*t - 19*t + 46*t. Determine j(-5).
10
Let y be (13 - 12/2) + -4. Let z(k) be the third derivative of -1/3*k**3 + 0 + 1/12*k**4 + 1/60*k**5 - k**2 + 0*k. What is z(y)?
13
Let t(n) be the third derivative of n**5/60 + 3*n**4/8 - 4*n**3/3 + 50*n**2. Let a be t(-10). Let w(u) = -u**3 + u**2 + 2*u + 1. Determine w(a).
1
Let b(w) be the third derivative of 23*w**4/24 + w**3/2 - 79*w**2. Calculate b(-2).
-43
Let q(d) be the first derivative of 3*d**2/2 + 10*d - 65. Give q(-7).
-11
Let j(q) = 5*q + 3. Let d(m) = 9*m + 4. Let l(c) = -4*d(c) + 7*j(c). What is l(-4)?
9
Let j(h) = h**2 - 4*h + 1. Let o be j(4). Suppose 7*n - o = 6. Let c(k) = 3*k - 2. What is c(n)?
1
Let r(n) be the first derivative of -3*n**2 + 19*n - 154. Give r(6).
-17
Let u(n) = -5*n. Let c(q) = 16*q + 2. Let l(o) = -c(o) - 3*u(o). Give l(-5).
3
Let v be 4 - (0 - (-6)/(-3)). Let m be (-28)/140 - (-72)/10. Let h(i) = -v*i - 2*i + i**2 - m + 0*i. Give h(8).
-7
Suppose 227*r - 240*r = -195. Let z(i) = -i**3 + 14*i**2 + 14*i + 21. What is z(r)?
6
Let z be 1*-4 + (18 - 8). Let q(k) be the third derivative of 1/4*k**4 + 7/60*k**5 - 7*k**2 + 0 - 1/3*k**3 + 1/120*k**z + 0*k. What is q(-6)?
-2
Let x(y) = y**3 + 3*y**2 + 3*y + 2. Let d(z) = 3*z - 8. Let a be (-1 - (-3)/2)/(4/16). Let q be d(a). Determine x(q).
0
Let x(z) = z**2 + z - 6. Let t = 186 + -191. Calculate x(t).
14
Let w(s) be the third derivative of s**6/120 - s**5/60 - 4*s**3/3 + 48*s**2. Calculate w(0).
-8
Suppose -108*z - y = -112*z + 7, -z = -3*y - 10. Let d(f) be the first derivative of z + 2*f + 1/4*f**4 + 1/2*f**2 + 2*f**3. Calculate d(-6).
-4
Suppose 2*t - 4*a = 176, 4*t = 4*a + 219 + 117. Let d(u) = -u**2 - 76 - t + 157. Give d(-2).
-3
Let p(m) = -8 - 20*m**2 + 19*m**2 - 5*m - 1. Let w(a) = -7 - 4*a - a**2 + 5 + 0*a**2 - 6. Let g(j) = 6*p(j) - 7*w(j). Give g(4).
10
Let v(o) = 4*o**2 + o + 1. Let j(m) = m**2. Let a(b) = 5*j(b) - v(b). Let f be 1/(-2)*6*-1. Suppose -s = 2*s + f. Give a(s).
1
Let c(h) = h**2 - 2*h + 1. Let s be c(0). Let p(q) = 22*q**2 - q**3 - s - 21*q**2 + 2*q + 4. Suppose -j - 4 = j. Calculate p(j).
11
Let h be (-14)/12 - (-32)/12. Let p(c) be the third derivative of -13*c**2 + 1/60*c**5 + 0*c**4 - h*c**3 + 0*c + 0. Determine p(0).
-9
Suppose -2*u - 7 = 7. Let n(h) = -15*h**2 - 5*h - 5. Let g(v) = 16*v**2 + 6*v + 6. Let b(z) = u*n(z) - 6*g(z). What is b(-1)?
9
Suppose 119 = -5*g - 2*n + 83, -2*g = n + 14. Let z(l) = l**2 + 8*l + 11. Calculate z(g).
11
Let m be (-8)/(-12) + 64/(-6). Let i = -7 - m. Let h(a) = 4 + 0 - 2*a + 2 - 5. Determine h(i).
-5
Let w = -324 + 329. Let c(j) = -j**2 + 3*j + 1. What is c(w)?
-9
Let x(z) = z**2 - 4*z - 2. Suppose -9*f = -10*f + 1. Suppose -n + f = -0. Let r be n + -1 - (-6 + 2). What is x(r)?
-2
Let m(c) = c**3 + 5*c**2 - 2*c - 6. Let w(n) = n - 13. Suppose 3*z = -b + 29, 3*b - 2*z + z - 47 = 0. Let s be w(b). Suppose -t + s*t = -15. Determine m(t).
4
Suppose f = -f - 2. Let a = f - 1. Let n(c) = 3*c**2 - 10*c - 9. Let d(h) = h**2 - 5*h - 4. Let y(i) = a*n(i) + 5*d(i). Calculate y(-2).
4
Let h(t) = -3 - 16*t + 15*t + 3*t - 5. Determine h(6).
4
Let s(u) be the first derivative of u**3/3 - 2*u**2 - 9*u - 67. Give s(7).
12
Let y = -27 - -19. Let p be y/(-3)*6/4. Let o(s) = -s**3 + 5*s**2 - 4*s + 5. Determine o(p).
5
Let j(t) = -2*t - 16 + 10 + 20 + 10 + 6. Calculate j(14).
2
Let p(s) = s**2 + 6*s + 1. Let m be (2*3)/(-11 + 9). Let i be m - ((-1)/2)/((-1)/6). Calculate p(i).
1
Let t(d) be the third derivative of d**5/60 - d**4/4 + d**3/2 + 51*d**2. Calculate t(2).
-5
Let c = 4 + 1. Let j(m) = -2*m**3 - 8*m**2 + 7*m + 14. Let d(o) = -o**3 - 5*o**2 + 4*o + 8. Let r(t) = -9*d(t) + 5*j(t). Determine r(c).
-7
Suppose -4*r = -r - 4*i, 5*r = -4*i - 32. Let k(o) = 3*o + 2. Let p(a) = 17*a + 11. Let h(n) = 11*k(n) - 2*p(n). Determine h(r).
4
Let r(m) = m**3 + 15*m**2 + 15*m + 14. Suppose 0 = -3*n + 4*y - 38, n + 17 = -2*y - y. Let k be r(n). Let p(j) = -j**3 - j**2 + j + 1. Give p(k).
1
Let d(n) = -5*n**3 - 5*n**2 - 12*n - 1. Let u(q) = 6*q**3 + 7*q**2 + 13*q. Let m(t) = -7*d(t) - 6*u(t). What is m(-7)?
-35
Let n(v) = -v**3 - 4*v**2 - 1. Suppose -h - 11 = -8. Determine n(h).
-10
Suppose -r - 5*q = -289, -r - 1353 = -6*r - 2*q. Suppose -r = 5*o + 151. Let m be ((-6)/(-4))/(21/o). Let i(j) = 2*j + 9. Calculate i(m).
-3
Suppose -3*g = j - 20, -6 - 2 = -4*j. Let n(l) = l**2 - 5*l - 3. Give n(g).
3
Let j be (-70)/(-25) - (-20)/(-25). Let d(p) be the second derivative of -4*p + 0 + 1/3*p**3 + 3*p**j. What is d(-5)?
-4
Let d(w) = 2*w**2 - 3*w + 21. Suppose 2*x + 20 = 2. Let s be d(x). Let n(y) = -1 + 4 + s*y - 206*y - 4. Determine n(1).
3
Let q = 48 + -87. Let d = q - -37. Let c(g) = 2*g**2 - 1. Give c(d).
7
Let h(p) = -24*p**3 - p - 1. Let d be ((-64)/(-3))/(-4)*9/(-4). Let o be (-3)/(-1)*(-4)/d. Give h(o).
24
Suppose 376*z - 377*z = 0. Let p(n) = -n**3 + n**2 + n + 5. Determine p(z).
5
Let l(k) = 67 - 11*k**2 + 9*k + 2*k**3 - 114 + 60. Let q(j) = 3*j**3 - 17*j**2 + 14*j + 19. Let g(z) = 7*l(z) - 5*q(z). Give g(7).
-4
Let n be -46 - (-3)/(3/4). Let x = n + 39. Let p(m) = 5*m**2 + 4*m + 9. Let r(k) = k**2 + k + 1. Let b(w) = p(w) - 6*r(w). Give b(x).
0
Let d(o) = o**3 + 6*o**2 - 7*o - 4. Let z = -136 + 142. Let a be (4 + 29/(-2))*z/9. Determine d(a).
-4
Let d(a) = -8*a - 153. Let l be d(-20). Let p(y) = 3*y**2 - 6*y - 1 - 2*y**2 + 0*y**2. Give p(l).
6
Let s(g) = -g**2 - 1. Let o be 14/(-4) + (-3)/(-6) + 1. Let c(b) = b**2 - 3*b + 4. Let a(w) = o*s(w) - c(w). Determine a(-7).
26
Let s(t) = 4*t**2 + t + 3. Let o be s(0). Let d(x) = -x**3 + x**2 + 6*x + 4. Calculate d(o).
4
Let g(h) be the third derivative of -h**5/60 + 3*h**4/8 - 17*h**3/6 + 445*h**2. What is g(7)?
-3
Let l(i) = i**2 + 3*i - 5. Let f(z) = z**3 - 16*z**2 + 14*z + 18. Let j be f(15). Suppose 3*r + 27 = -j*n, -4*r = -4*n - 6 + 2. What is l(n)?
5
Let l(f) = -13*f**2 + 14*f - 7. Let d(t) = 3*t**2 - t + 1. Let c(o) = 4*d(o) + l(o). Calculate c(11).
-14
Let j(o) = -3*o**3 - 15*o**2 + 1 + 0 - o + 15*o**2. Let p be 1/4 + 3/4. Calculate j(p).
-3
Let r(y) = -y**3 - 7*y**2 - 5*y - 3. Let h(x) be the second derivative of x**3/3 + x**2 - 13*x. Let s be h(-1). Let i be 4 - s - (-130)/(-13). Give r(i).
-9
Let d(f) = -f**2 + 3*f + 2. Let t(i) = i**2 + i + 3. Let y = -34 + 31. Let r = -3 - y. Let z be t(r). Determine d(z).
2
Let l(u) = -u**2 + 3*u - 3. Let o(s) = -14*s - 9. Let z be o(-1). Give l(z).
-13
Let f(m) = m**2 + m - 4. Suppose 99 = y + 6*v - v, 0 = 5*y + v - 399. Let a = y + -79. Determine f(a).
-4
Let m = 46 + -39. Let h be (-658)/98 + (-2)/m. Let x(o) = o + 9. Calculate x(h).
2
Let r(w) = -8*w**2 + 1. Suppose -5*a - 8*v + 25 = -4*v, -3*v = -15. Give r(a).
-7
Let t(d) be the second derivative of -d**4/12 - d**3/3 - d**2 - 3*d. Suppose -3*q + 8*x + 5 = 3*x, 0 = -5*q + 4*x + 4. Let u be q + (-3 - 2) + 3. What is t(u)?
-2
Let i(q) = q**2 + q - 5. Let a be i(0). Let l(f) = -7*f**2 - 3*f - 1. Let y(x) = 9*x**2 + 2*x. Let b = -128 + 132. Let r(v) = b*l(v) + 3*y(v). Determine r(a).
1
Let b(g) = 3*g**2 - 5*g - 14. Let d(w) = -16*w**2 + 28*w + 72. Let t(p) = -11*b(p) - 2*d(p). Give t(5).
-20
Let r(v) = -v - 8. Suppose -9*f + 20 = -4*f. Suppose -f*w - 5*x - 36 = 0, -2*x - 4 = -w - 0*w. Give r(w).
-4
Let r(k) = k**2 - 3*k**2 + k**3 - k + 0*k - 49 + 50. Calculate r(2).
-1
Let l(h) = -h + 8. Let k = 6 - 10. Let m(o) = -o + 6. Let z(j) = k*l(j) + 5*m(j). Give z(3).
-5
Let g(c) = -c**3 - 5*c**2 - 4*c - 3. Let t be g(-4). Let m = 1 - t. Let k(v) = 2*v**2 - 5*v + 3. What is k(m)?
15
Let u(z) be the first derivative of -z**4/4 + 4*z**3/3 - 5*z**2/2 + 2*z + 49. Let k = -4 + 7. What is u(k)?
-4
Let j(w) = 9*w. Let r be 3 - -8*(-21)/(-6). Suppose 4*x = -z + r, 4*x - 4*z = 10 + 6. Let u = x - 8. Calculate j(u).
-9
Let y(v) be the second derivative of -v**4/12 + v**3 + 12*v - 14. Calculate y(6).
0
Let k(c) = 3*c**2 + 0 + 5*c - 53*c**3 - 1 + 52*c**3. Let q be (0 + 1)/((-2)/40*-5). What is k(q)?
3
Let n(z) = z - 2. Let f be n(5